{"id":15,"date":"2018-03-23T16:55:50","date_gmt":"2018-03-23T16:55:50","guid":{"rendered":"https:\/\/sven-decker.de\/?page_id=15"},"modified":"2023-01-19T21:38:40","modified_gmt":"2023-01-19T20:38:40","slug":"projekte","status":"publish","type":"page","link":"https:\/\/sven-decker.de\/?page_id=15","title":{"rendered":"Projekte"},"content":{"rendered":"<div align=\"left\">\n<p><strong>Sven Decker\u00b4s JULI Quartett<\/strong><\/p>\n<p><img loading=\"lazy\" decoding=\"async\" class=\"alignnone size-medium wp-image-253\" src=\"https:\/\/sven-decker.de\/wp-content\/uploads\/2018\/05\/DSC6791-300x200.jpg\" alt=\"\" width=\"300\" height=\"200\" srcset=\"https:\/\/sven-decker.de\/wp-content\/uploads\/2018\/05\/DSC6791-300x200.jpg 300w, https:\/\/sven-decker.de\/wp-content\/uploads\/2018\/05\/DSC6791-1024x684.jpg 1024w, https:\/\/sven-decker.de\/wp-content\/uploads\/2018\/05\/DSC6791-768x513.jpg 768w, https:\/\/sven-decker.de\/wp-content\/uploads\/2018\/05\/DSC6791-1536x1025.jpg 1536w, https:\/\/sven-decker.de\/wp-content\/uploads\/2018\/05\/DSC6791-2048x1367.jpg 2048w\" sizes=\"auto, (max-width: 300px) 100vw, 300px\" \/><\/p>\n<p>Die Musiker des neu formierten Quartetts des K\u00f6lner Holzbl\u00e4sers Sven Decker haben sich an einem hei\u00dfen Julitag bei einer Aufr\u00e4umaktion in einem K\u00f6lner Proberaum kennengelernt und arbeiten seitdem auch an einer gemeinsamen Auffassung von Ordnung und Unordnung in der Musik.<br \/>\nEs wird entr\u00fcmpelt und ausgemistet, geordnet, installiert, neu entworfen und wieder verworfen, neu gestaltet und neu orientiert, diskutiert und sinniert, experimentiert und geforscht.<br \/>\nZiel ist ein Raum, der zum Verweilen einl\u00e4dt und in dem sich jeder frei bewegen oder einfach nur zur Ruhe kommen kann.<\/p>\n<p><strong>Sven Decker- Tenorsaxofon, Klarinette, Bassklarinette, Komposition<br \/>\nHeidi Bayer- Trompete, Fl\u00fcgelhorn<br \/>\nConrad Noll- Kontrabass<br \/>\nJo Beyer- Schlagzeug<\/strong><\/p>\n<\/div>\n<hr noshade=\"noshade\" size=\"1\" \/>\n<p><strong>Filippa Gojo &amp; Sven Decker<\/strong><\/p>\n<p><img loading=\"lazy\" decoding=\"async\" class=\"alignnone size-medium wp-image-203\" src=\"https:\/\/sven-decker.de\/wp-content\/uploads\/2018\/03\/DuoGojoDecker4gr-300x200.jpg\" alt=\"\" width=\"300\" height=\"200\" srcset=\"https:\/\/sven-decker.de\/wp-content\/uploads\/2018\/03\/DuoGojoDecker4gr-300x200.jpg 300w, https:\/\/sven-decker.de\/wp-content\/uploads\/2018\/03\/DuoGojoDecker4gr-1024x683.jpg 1024w, https:\/\/sven-decker.de\/wp-content\/uploads\/2018\/03\/DuoGojoDecker4gr-768x512.jpg 768w, https:\/\/sven-decker.de\/wp-content\/uploads\/2018\/03\/DuoGojoDecker4gr-1536x1024.jpg 1536w, https:\/\/sven-decker.de\/wp-content\/uploads\/2018\/03\/DuoGojoDecker4gr-2048x1365.jpg 2048w\" sizes=\"auto, (max-width: 300px) 100vw, 300px\" \/><\/p>\n<p>Was haben die menschliche Stimme, eine Shrutibox, Kalimba und Sansula mit der Klarinette\/ Bassklarinette, dem Glockenspiel und der Melodica gemeinsam?<\/p>\n<p>Durch die Erzeugung all ihrer Kl\u00e4nge entstehen Sounds, die den Zuh\u00f6rer sowohl fordern, als auch zugleich bet\u00f6ren und umarmen k\u00f6nnen, ihn mitnehmen auf eine Wanderung durch den Kosmos schr\u00e4ger und wohlklingender Akkorde und Intervalle und ihn zu abstrakten und zugleich zupackenden Rhythmen mitf\u00fchlen lassen.<\/p>\n<p>Filippa Gojo und Sven Decker geben diesen Kl\u00e4ngen, diesen Akkorden, diesen Intervallen und Rhythmen lediglich eine Richtung und sind dabei immer bedacht, den Fokus auf das Entstehen im Moment zu legen, immer wachsam und bereit im Sinne der Musik und des Moments auch mal einen anderen Weg einzuschlagen, Impulse und Ideen am Wegesrand einzusammeln und mitzunehmen.<\/p>\n<p>Das Ziel dieser Wanderung jedoch ist immer klar vor Augen: ehrliche, direkte, unverbl\u00fcmte, authentische und zupackende Musik.<\/p>\n<p><strong>Filippa Gojo: Gesang, Shrutibox, Kalimba, Sansula<\/strong><b><br \/>\n<strong>Sven Decker: Klarinette, Bassklarinette, Melodika, Glockenspiel<\/strong><\/b><\/p>\n<p><a href=\"https:\/\/www.filippagojo.de\/\">www.filippagojo.de<\/a><strong><br \/>\n<\/strong><\/p>\n<hr \/>\n<p><strong>In Klausur<\/strong><\/p>\n<p><img loading=\"lazy\" decoding=\"async\" class=\"alignnone size-medium wp-image-453\" src=\"https:\/\/sven-decker.de\/wp-content\/uploads\/2021\/05\/in-klausur-w-300x206.jpg\" alt=\"\" width=\"300\" height=\"206\" srcset=\"https:\/\/sven-decker.de\/wp-content\/uploads\/2021\/05\/in-klausur-w-300x206.jpg 300w, https:\/\/sven-decker.de\/wp-content\/uploads\/2021\/05\/in-klausur-w-1024x703.jpg 1024w, https:\/\/sven-decker.de\/wp-content\/uploads\/2021\/05\/in-klausur-w-768x527.jpg 768w, https:\/\/sven-decker.de\/wp-content\/uploads\/2021\/05\/in-klausur-w-1536x1055.jpg 1536w, https:\/\/sven-decker.de\/wp-content\/uploads\/2021\/05\/in-klausur-w.jpg 1978w\" sizes=\"auto, (max-width: 300px) 100vw, 300px\" \/><\/p>\n<p>\u201cIn Klausur\u201c, ein Trio am Puls der Zeit<\/p>\n<p>Katrin Scherer, umtriebige Alt- und Baritonsaxophonistin, Komponistin und Bandleaderin, ist Teil der kreativen K\u00f6lner Jazzszene und ver\u00f6ffentlicht regelm\u00e4\u00dfig ihre Produktionen auf dem eigenen Label <a href=\"http:\/\/www.greendeermusic.de\">Green Deer Music<\/a>.<\/p>\n<p>Ihre Kompositionen sind unverkennbar und zeigen ihre ganz eigene und besondere \u00c4sthetik f\u00fcr Intervallik, Melodief\u00fchrung und Kontrapunkt. In ihrem neuen Trio \u201eIn Klausur\u201c widmet sie sich der Kunst des Augenblicks und lotet verschiedenste M\u00f6glichkeiten von Improvisation und Komposition im freien Kontext aus.<br \/>\nDabei l\u00e4sst sie bisweilen die klare Abgrenzung und Zugeh\u00f6rigkeit von Improvisation und Komposition offen.<br \/>\nGemeinsam mit dem lebendig und kreativ agierenden Schlagzeuger Dominik Mahnig und dem eigenst\u00e4ndigen und impulsiven Saxophonisten und Bassklarinettisten Sven Decker untersucht und erforscht sie Parameter, um bewusst Stimmungen und Energieverl\u00e4ufe in der Musik zu beeinflussen. In diesem Zusammenhang versucht sie auch zu ergr\u00fcnden, welche Rolle der Zufall in der Musik spielt.<\/p>\n<p><strong>Katrin Scherer \u2013 Alt- und Baritonsaxofon, Komposition<\/strong><b><br \/>\n<strong>Sven Decker \u2013 Tenorsaxofon, Klarinette, Bassklarinette<\/strong><br \/>\n<strong>Dominik Mahnig \u2013 Schlagzeug<br \/>\n<\/strong><\/b><br \/>\n<a href=\"http:\/\/www.katrinscherer.de\">www.katrinscherer.de<\/a><\/p>\n<hr \/>\n<p><strong>JO<\/strong><\/p>\n<p><img loading=\"lazy\" decoding=\"async\" class=\"alignnone size-medium wp-image-519\" src=\"https:\/\/sven-decker.de\/wp-content\/uploads\/2022\/05\/JO-Grafitti-Bandfoto-300x215.jpg\" alt=\"\" width=\"300\" height=\"215\" srcset=\"https:\/\/sven-decker.de\/wp-content\/uploads\/2022\/05\/JO-Grafitti-Bandfoto-300x215.jpg 300w, https:\/\/sven-decker.de\/wp-content\/uploads\/2022\/05\/JO-Grafitti-Bandfoto-1024x733.jpg 1024w, https:\/\/sven-decker.de\/wp-content\/uploads\/2022\/05\/JO-Grafitti-Bandfoto-768x550.jpg 768w, https:\/\/sven-decker.de\/wp-content\/uploads\/2022\/05\/JO-Grafitti-Bandfoto-1536x1100.jpg 1536w, https:\/\/sven-decker.de\/wp-content\/uploads\/2022\/05\/JO-Grafitti-Bandfoto.jpg 1758w\" sizes=\"auto, (max-width: 300px) 100vw, 300px\" \/><\/p>\n<p>Schreibe deine Lieblingsmusik, finde deine Lieblingsmusiker, gib dem Ganzen einen Namen und fertig ist die Lieblingsband! Genau das hat der Schlagzeuger Jo Beyer gemacht. Tun was einem gef\u00e4llt &#8211; Das ist die Devise dieser Band und genauso klingt es auch. Kompromissloser Spass mit vertrackt hitverd\u00e4chtigen Kompositionen, gespielt von einigen der allerfeinsten Improvisatoren des zeitgen\u00f6ssischen Jazz.<\/p>\n<p><strong>Jo Beyer \u2013 Schlagzeug, Komposition<br \/>\nAndreas Wahl \u2013 E- Gitarre, Akustikgitarre<br \/>\nFelix Elsner &#8211; Klavier<\/strong><strong><br \/>\nSven Decker \u2013 Tenorsaxofon<\/strong><\/p>\n<p><strong><a href=\"http:\/\/www.jobeyer.com\">www.jobeyer.com<\/a><\/strong><\/p>\n<hr \/>\n<p><strong>Heidi Bayer KORSH<\/strong><\/p>\n<p><img loading=\"lazy\" decoding=\"async\" class=\"alignnone size-medium wp-image-570\" src=\"https:\/\/sven-decker.de\/wp-content\/uploads\/2023\/01\/KORSH_official-300x222.jpg\" alt=\"\" width=\"300\" height=\"222\" srcset=\"https:\/\/sven-decker.de\/wp-content\/uploads\/2023\/01\/KORSH_official-300x222.jpg 300w, https:\/\/sven-decker.de\/wp-content\/uploads\/2023\/01\/KORSH_official-768x568.jpg 768w, https:\/\/sven-decker.de\/wp-content\/uploads\/2023\/01\/KORSH_official-1536x1135.jpg 1536w, https:\/\/sven-decker.de\/wp-content\/uploads\/2023\/01\/KORSH_official-2048x1514.jpg 2048w\" sizes=\"auto, (max-width: 300px) 100vw, 300px\" \/><br \/>\n(Foto: Stefan Braunbarth)<\/p>\n<p><strong>Heidi Bayer \u2013 Trompete, Fl\u00fcgelhorn, Komposition<\/strong><br \/>\n<strong>Kalle Moberg \u2013 Akkordeon<\/strong><br \/>\n<strong>Robert Landfermann \u2013 Kontrabass<\/strong><br \/>\n<strong>Oli Steidle \u2013 Schlagzeug<\/strong><br \/>\n<strong>Sven Decker \u2013 Tenorsaxofon, Bassklarinette<\/strong><\/p>\n<p><a href=\"https:\/\/www.heidi-bayer.de\/\">www.heidi-bayer.de<\/a><\/p>\n<hr \/>\n<p><strong><span style=\"color: #000000;\">Projektarchiv<\/span><br \/>\n<\/strong><span style=\"color: #bf3d3d; font-family: Times, Georgia, 'Times New Roman', serif; font-size: medium;\"><strong><span style=\"color: #000000;\"><br \/>\n<\/span><\/strong><\/span><\/p>\n<p><strong>Feinkost Decker<\/strong><\/p>\n<p><img loading=\"lazy\" decoding=\"async\" class=\"alignnone size-medium wp-image-133\" src=\"https:\/\/sven-decker.de\/wp-content\/uploads\/2018\/03\/Studio_Feinkost_DeckerfrohJPG-300x200.jpg\" alt=\"\" width=\"300\" height=\"200\" srcset=\"https:\/\/sven-decker.de\/wp-content\/uploads\/2018\/03\/Studio_Feinkost_DeckerfrohJPG-300x200.jpg 300w, https:\/\/sven-decker.de\/wp-content\/uploads\/2018\/03\/Studio_Feinkost_DeckerfrohJPG-1024x681.jpg 1024w, https:\/\/sven-decker.de\/wp-content\/uploads\/2018\/03\/Studio_Feinkost_DeckerfrohJPG-768x511.jpg 768w, https:\/\/sven-decker.de\/wp-content\/uploads\/2018\/03\/Studio_Feinkost_DeckerfrohJPG-1536x1022.jpg 1536w, https:\/\/sven-decker.de\/wp-content\/uploads\/2018\/03\/Studio_Feinkost_DeckerfrohJPG-2048x1363.jpg 2048w\" sizes=\"auto, (max-width: 300px) 100vw, 300px\" \/><\/p>\n<p><span style=\"color: #000000;\">Vitale Dialoge, variantenreiche Solopassagen und ausgefeilte Kompositionen fordern den Zuh\u00f6rer heraus, belohnen aber zugleich mit einem klarem und transparentem Klangbild, traumwandlerischem Zusammenspiel und einer in wohl dosiertem Ma\u00dfe entspannten Musik.<br \/>\nDer Schlagzeuger Christoph Hillmann (bekannt u.a. durch seine langj\u00e4hrige Arbeit mit Angelika Niescier SUBLIM und Andre Nendz\u00e1) und Stefan Scheib am Kontrabass (Liquid Penguin Ensemble) lenken die Musik mal kontrastrierend und mal unterst\u00fctzend, jedoch immer wachsam und aktiv gestaltend.<br \/>\nEin in diesem musikalischen Kontext selten erlebtes Instrument, die aus Ostafrika stammende UDU- Trommel, ist mehr als nur ein klangmalerisches Ereignis.<br \/>\nKatrin Scherer (u.a THE Bliss, Ohne 4 gespielt drei) bearbeitet in gewohnter Manier h\u00f6chst erfrischend, virtuos und eigenst\u00e4ndig das Alt- und Baritonsaxophon,.<br \/>\nSven Decker,\u00a0 zu h\u00f6ren an Tenorsaxophon, Klarinette und Bassklarinette, versteht es bravour\u00f6s, seine Mitmusiker und deren Improvisationsgeist in seine Musik zu integrieren und bei aller Improvisationsfreude und allem Spielwitz nicht den \u00dcberblick auf das gro\u00dfe Ganze zu verlieren: den kollektiven Bandsound.<br \/>\nEs macht Spa\u00df, Feinkost Decker zuzuh\u00f6ren. Die Musik ist intelligent ohne verkopft zu sein, befindet sich in einem immerw\u00e4hrenden Fluss musikalischer Ideen, ist h\u00f6chst abwechslungsreich und dazu noch gespickt mit tollen Solopassagen der vier einzelnen Musiker.<\/span><\/p>\n<p><strong>Sven Decker &#8211; Tenorsaxofon, Klarinette, Bassklarinette, Melodika<br \/>\nKatrin Scherer &#8211; Alt- und Baritonsaxophon, Fl\u00f6te, Melodika<br \/>\nStefan Scheib &#8211; Kontrabass<br \/>\nChristoph Hillmann &#8211; Schlagzeug, Udu<\/strong><\/p>\n<hr noshade=\"noshade\" size=\"1\" \/>\n<p><strong>\u00a0<\/strong><strong>Sven Decker\u00b4s TRANSPARENCY<\/strong><\/p>\n<p><img loading=\"lazy\" decoding=\"async\" class=\"alignnone size-medium wp-image-177\" src=\"https:\/\/sven-decker.de\/wp-content\/uploads\/2018\/03\/Sven-Deckers-TRANSPARENCY2-Kopie-300x169.jpg\" alt=\"\" width=\"300\" height=\"169\" srcset=\"https:\/\/sven-decker.de\/wp-content\/uploads\/2018\/03\/Sven-Deckers-TRANSPARENCY2-Kopie-300x169.jpg 300w, https:\/\/sven-decker.de\/wp-content\/uploads\/2018\/03\/Sven-Deckers-TRANSPARENCY2-Kopie.jpg 473w\" sizes=\"auto, (max-width: 300px) 100vw, 300px\" \/><\/p>\n<p>Eng verkn\u00fcpft ist die Musik von TRANSPARENCY, dem neuen Trio des K\u00f6lner Saxophonisten und Komponisten Sven Decker, mit der Vorstellung von Transparenz und Reduktion.<\/p>\n<p>Reduktion an Klangdichte bei gleichzeitig maximaler Intensit\u00e4t und Transparenz in der Gestaltung melodischer und kompositorischer Stilmittel.<\/p>\n<p>Die elf Kompositionen der aktuellen CD \u201cSepia\u201d sind stark autobiographisch, intensiv und in sich kleine abgeschlossene Geschichten, die mal vertr\u00e4umt und melancholisch, mal eruptiv und fordernd daher kommen.<\/p>\n<p>Die beiden fest in der K\u00f6lner Szene etablierten Mitmusiker Matthias Akeo Nowak (b) und Etienne Nillesen (dr) verstehen es wunderbar, das Wesentliche in den Kompositionen durch reduziertes, spannungsreiches Spiel zu Tage zu f\u00f6rdern.<\/p>\n<p><strong>Matthias Akeo Nowak \u2013 Kontrabass<\/strong><strong><br \/>\nEtienne Nillesen \u2013 Schlagzeug<br \/>\nSven Decker \u2013 Tenorsaxofon, Klarinette, Bassklarinette, Komposition<\/strong><\/p>\n<hr noshade=\"noshade\" size=\"1\" \/>\n<p><strong>Ohne 4 gespielt drei<\/strong><\/p>\n<div align=\"left\">\n<p><img loading=\"lazy\" decoding=\"async\" class=\"alignnone size-medium wp-image-185\" src=\"https:\/\/sven-decker.de\/wp-content\/uploads\/2018\/03\/o4g3-1time-trial-300dpi-300x210.jpg\" alt=\"\" width=\"300\" height=\"210\" srcset=\"https:\/\/sven-decker.de\/wp-content\/uploads\/2018\/03\/o4g3-1time-trial-300dpi-300x210.jpg 300w, https:\/\/sven-decker.de\/wp-content\/uploads\/2018\/03\/o4g3-1time-trial-300dpi-1024x718.jpg 1024w, https:\/\/sven-decker.de\/wp-content\/uploads\/2018\/03\/o4g3-1time-trial-300dpi-768x538.jpg 768w, https:\/\/sven-decker.de\/wp-content\/uploads\/2018\/03\/o4g3-1time-trial-300dpi-1536x1077.jpg 1536w, https:\/\/sven-decker.de\/wp-content\/uploads\/2018\/03\/o4g3-1time-trial-300dpi.jpg 1772w\" sizes=\"auto, (max-width: 300px) 100vw, 300px\" \/><\/p>\n<p>frisch, unkonventionell, kompromisslos, am Puls der Zeit<br \/>\nDas ist Ohne 4 gespielt drei.<br \/>\nMit 2 Saxophonen\/Klarinetten und Schlagzeug erzeugen Katrin, Sven und Bernd Kl\u00e4nge, Grooves und Kollagen, die ungefiltert und frontal den zeitgen\u00f6ssischen Jazz aktuell repr\u00e4sentieren.<br \/>\nStraff durchget\u00fcftelte Kompositionen in rauem Soundgewand und \u00f6konomisches<br \/>\nZusammenspiel kn\u00fcpfen einen Teppich aus Klangfarben und bieten Raum f\u00fcr<br \/>\nfacettenreiche Improvisationen fernab jeglichen kommerziellen Kalk\u00fcls und<br \/>\nEpigonentums.<br \/>\nDas Trio pr\u00e4sentierte seit der Gr\u00fcndung 2003 seine eigenst\u00e4ndige Musik in zahlreichen Konzerten auf nationalen und internationalen B\u00fchnen. Nach \u201eDebut\u201c und \u201eA40\u201c folgt nun das neue Programm \u201eunplugged\u201c.<\/p>\n<p>Intimer, kammermusikalischer, fesselnder und kraftvoll zupackender Triojazz mit Saxophonen und Schlagzeug sorgen f\u00fcr ein abwechslungsreiches Konzerterlebnis.<\/p>\n<p><strong>Katrin Scherer- Alt- und Baritonsaxofon, Melodika, Glockenspiel<br \/>\nSven Decker- Tenorsaxofon, Bassklarinette, Klarinette<br \/>\nBernd Oezsevim- Schlagzeug<\/strong><\/p>\n<\/div>\n<hr noshade=\"noshade\" size=\"1\" \/>\n","protected":false},"excerpt":{"rendered":"<p>Sven Decker\u00b4s JULI Quartett Die Musiker des neu formierten Quartetts des K\u00f6lner Holzbl\u00e4sers Sven Decker haben sich an einem hei\u00dfen Julitag bei einer Aufr\u00e4umaktion in einem K\u00f6lner Proberaum kennengelernt und arbeiten seitdem auch an einer gemeinsamen Auffassung von Ordnung und Unordnung in der Musik. Es wird entr\u00fcmpelt und ausgemistet, geordnet, installiert, neu entworfen und wieder<\/p>\n<div><a class=\"btn-filled btn\" href=\"https:\/\/sven-decker.de\/?page_id=15\" title=\"Projekte\">Weiterlesen<\/a><\/div>\n","protected":false},"author":1,"featured_media":0,"parent":0,"menu_order":0,"comment_status":"closed","ping_status":"closed","template":"","meta":{"footnotes":""},"class_list":["post-15","page","type-page","status-publish","hentry"],"_links":{"self":[{"href":"https:\/\/sven-decker.de\/index.php?rest_route=\/wp\/v2\/pages\/15","targetHints":{"allow":["GET"]}}],"collection":[{"href":"https:\/\/sven-decker.de\/index.php?rest_route=\/wp\/v2\/pages"}],"about":[{"href":"https:\/\/sven-decker.de\/index.php?rest_route=\/wp\/v2\/types\/page"}],"author":[{"embeddable":true,"href":"https:\/\/sven-decker.de\/index.php?rest_route=\/wp\/v2\/users\/1"}],"replies":[{"embeddable":true,"href":"https:\/\/sven-decker.de\/index.php?rest_route=%2Fwp%2Fv2%2Fcomments&post=15"}],"version-history":[{"count":8,"href":"https:\/\/sven-decker.de\/index.php?rest_route=\/wp\/v2\/pages\/15\/revisions"}],"predecessor-version":[{"id":640,"href":"https:\/\/sven-decker.de\/index.php?rest_route=\/wp\/v2\/pages\/15\/revisions\/640"}],"wp:attachment":[{"href":"https:\/\/sven-decker.de\/index.php?rest_route=%2Fwp%2Fv2%2Fmedia&parent=15"}],"curies":[{"name":"wp","href":"https:\/\/api.w.org\/{rel}","templated":true}]}}